**3/3 + 2*c**2. Let w be q(-6). What is the units digit of w/21*(-18)/8?
0
Suppose -37*g - 47*g + 7524804 = 0. What is the thousands digit of g?
9
Let z be 3 + 192/(-176) + (-1)/(-11). Suppose 5*q - 5798 = 2*j, q - 353 = -z*j + 809. What is the hundreds digit of q?
1
Suppose 4*u - 4*h = -24, 13 = 3*h + 1. What is the hundreds digit of (-1 - (-10)/(-1))/(u/74)?
4
Let i be (-2)/(1392/11340 + 2/(-15)). Suppose 5*t + 72 = j, 5*j + t + i = 7*j. What is the units digit of j?
7
What is the thousands digit of 35 - 25 - (-17822 + 9)?
7
Let f(j) = j**3 + 21*j**2 + 17*j - 58. Let z be f(-20). Suppose m + 2*a - 4*a - 199 = 0, z*a + 1003 = 5*m. What is the tens digit of m?
0
Suppose 0 = 16*y - 5598 + 750. Let q(h) = -2*h - 2. Let c be q(-3). Suppose -5*g + l + 429 = 111, y = 5*g + c*l. What is the tens digit of g?
6
Let y(n) = 14*n**2 + 8*n + 7. Let r = 248 + -254. What is the tens digit of y(r)?
6
Let s = 19 + -2. Let r = 21 - s. What is the units digit of (2/(-3) - -1)*(r - -203)?
9
Let l(y) = y**3 - 5*y**2 + y. Let t be l(2). Let a be 270/4*(-8)/t. What is the units digit of a/15 - (-2)/(-30)*9?
3
Let u = -1644 - -3291. Let s = u - 770. What is the hundreds digit of s?
8
Let m = 133 + -126. Suppose m*i = 1496 - 131. What is the tens digit of i?
9
Let f = -167 + 182. Suppose f*k - 23*k = -1944. What is the units digit of k?
3
Let w(l) = l**2 + 6*l + 5. Let c be w(-5). Suppose 5*y + 5 + c = 3*v, 4*v = -4*y - 4. What is the units digit of 74/y*(-11)/11?
4
Let l(a) = -42*a**2 - 34*a + 39. Let q be l(30). What is the hundreds digit of (-5)/(-25) + q/(-45)?
8
Suppose 5*l = l - 100. Let t = l - -7. What is the tens digit of (t*9/24)/(2/(-32))?
0
Suppose 4*m + 6615 = -5*c, 409 = 3*m + 3*c + 5374. Let o(p) = p**2 + 14*p + 12. Let g be o(-13). What is the hundreds digit of m/(-16) - (15/(-12) - g)?
1
Suppose 0 = -6*v + 8*v - 248. Suppose -4*p - v = -4*r, 0*r + r + 5*p = 7. Suppose z + r = 2*u - 33, 5*u - 172 = -3*z. What is the tens digit of u?
3
Suppose -166*s + 684003 + 16019 = 0. What is the thousands digit of s?
4
Let p = 29663 - -3236. What is the ten thousands digit of p?
3
Let g = 24 + -30. Let x be (g/(-4))/((-63)/(-420)). What is the tens digit of ((-126)/4)/(-9)*x?
3
Let f(n) = -23*n - 65. Let j be (-2)/(-8) - 135/12. What is the tens digit of f(j)?
8
Let k = 10136 - 10065. Let g(x) = 454*x - 3. Let w be g(2). Suppose 0 = 8*n - k - w. What is the units digit of n?
2
Let n(h) = 307*h + 4. Let a be 5/3 - 2/3. What is the hundreds digit of n(a)?
3
Suppose -12*l + 150180 = 3*l. What is the thousands digit of l?
0
Let y = 487 + -472. Suppose 5*s + y*s = 100. What is the units digit of s?
5
Let g = 55788 + -3226. What is the units digit of g?
2
Let z = -17879 - -30242. What is the units digit of z?
3
Let y = 35 - 51. Let z be 46/16 - y/128. Suppose -p - z*c = -5*c - 100, 2*c = -10. What is the tens digit of p?
9
Let y(r) = 2370*r + 15546. What is the units digit of y(20)?
6
Suppose -59*m - 1578200 = -47*m - 37*m. What is the ten thousands digit of m?
6
Let c(j) = -j**3 - 3*j**2 - j. Let w be c(-3). Let a(t) = -16*t + 7. Let f(k) = -16*k + 8. Let y(o) = -7*a(o) + 6*f(o). What is the tens digit of y(w)?
4
Let p(w) = 3242*w - 101. What is the thousands digit of p(2)?
6
Suppose 53*b - 55*b - 134 = 0. Let w = 162 - b. What is the tens digit of w?
2
Let f be (-4)/7 - 22/(-14) - -3. Suppose 0 = f*s + s - 25. Let a(m) = 3*m**2 + 3*m + 21. What is the tens digit of a(s)?
1
Let d = 196 + -198. What is the hundreds digit of (15/(-45))/(d/6) + 126?
1
Let c = 364 - 359. Suppose c*s - n - 1676 = 0, 3*s - 1024 = -8*n + 4*n. What is the tens digit of s?
3
Let y(r) be the second derivative of -1/20*r**5 + 2/3*r**3 + 16*r + 25/2*r**2 + 0 + 7/6*r**4. What is the units digit of y(14)?
1
Let k(z) = z**2 - 20*z - 8. Let b(u) = -2*u + 1. Let q(s) = 3*b(s) - k(s). Suppose -6*m = -3*m - 39. What is the units digit of q(m)?
4
Let y(z) = 3*z**2 + 14*z + 10. Let h be y(-5). Let j be ((-20)/(-3))/(5/h). Suppose -4*t = -t - 5*m - 280, 5*m = j. What is the units digit of t?
0
Let q(j) = 58*j**2 + 45. Let t be q(6). Let v = t - 1152. What is the units digit of v?
1
Let g(h) = h**3 - 9*h**2 - 5*h + 5. Let z be g(13). Suppose -8*r = 496 + z. Let s = 140 - r. What is the hundreds digit of s?
2
What is the hundreds digit of 0 + 15893 + (-33)/((-462)/(-28))?
8
Suppose -186596 = -21*y + 221644. What is the hundreds digit of y?
4
Suppose s + 3*m = -658 - 822, 2944 = -2*s + 2*m. What is the tens digit of s/(-4) + 36/(-24)?
6
Suppose -4*m - 14 = 10. Let q(r) = -5*r**3 + 8*r**2 - 5*r - 6. Let t be q(m). Suppose z - t = -7*z. What is the tens digit of z?
7
Let a = -250 - -250. Suppose -25*w + 6934 + 12466 = a. What is the units digit of w?
6
Suppose 0 = -k - 2520 + 9631. What is the hundreds digit of k?
1
What is the tens digit of 6/(((-28)/(-10) - (-2)/10)/5669)?
3
Let d = -135 + 160. Suppose 945 = t - 3*w, -d*w - 946 = -t - 21*w. What is the hundreds digit of t?
9
Suppose 0 = 3*o - 11 + 14. Let d be -1*(-4)/(2 + o). Suppose -147 = -d*q - 31. What is the units digit of q?
9
Suppose -5*m = -m - 108. Suppose m - 7 = 4*k. Suppose 649 + 396 = k*g - 5*w, 3*w - 6 = 0. What is the hundreds digit of g?
2
Let w = -51 + 117. Let m = w + -124. Let i = 268 + m. What is the tens digit of i?
1
Suppose 10 = 32*z - 30*z. Let g(o) = 2*o**2 + 9*o - 11. What is the tens digit of g(z)?
8
Suppose 0*r + 4*r = 0. Suppose r = 3*n + 4 - 10, 0 = -4*x + 2*n + 308. Suppose -76*f - 36 = -x*f. What is the units digit of f?
8
Suppose 5*c - 27 = -57. Let o be (216/(-4))/c*(1 + -2). What is the units digit of (12/o)/(-3 + (-321)/(-108))?
8
Suppose 2*x - q = 14431, -5*x - q + 3763 + 32332 = 0. What is the tens digit of x?
1
Let d = 83 + -81. What is the units digit of (62 - 2)/(-5)*-41 - d?
0
Let l(a) = 93*a**3 + 2*a**2 + a - 1. Suppose 20*n - 10 - 30 = 0. What is the hundreds digit of l(n)?
7
Let k(n) = n**3 + 13*n**2 + 11*n + 6. Let g(s) = -20*s - 10. Let y be g(0). What is the hundreds digit of k(y)?
1
Suppose -24*s - 72*s + 2383200 = 0. What is the ten thousands digit of s?
2
Let c(q) = 31*q**2 - 4*q + 2617. What is the tens digit of c(0)?
1
Suppose 11*l - 8*l + 699 = 0. Let m = 250 - l. What is the tens digit of m?
8
Let s = 3590 + -2335. What is the units digit of s?
5
Let i = 1105 + -585. Suppose -4*n = u - i, -n = 4*n - 2*u - 637. What is the units digit of n?
9
Let g = 62 + -80. Let j(n) = n**2 + 34*n + 14. Let i be j(g). Let q = 391 + i. What is the hundreds digit of q?
1
What is the thousands digit of 28/(-3)*(1 - 527 - (-19)/(-38))?
4
Let a(w) = w**3 - 11*w**2 + 14*w - 40. Let d be a(10). Suppose -210*u + 212*u - 1774 = d. What is the units digit of u?
7
Let b = -85053 - -138271. What is the hundreds digit of b?
2
Let j(q) = 2*q**3 - 25*q**2 - 13*q + 10. Let x be j(13). Suppose 50 = 4*p + x. What is the tens digit of (3*296/48)/(1/p)?
8
What is the ten thousands digit of (77538/(-45))/(202/(-1515))?
1
Suppose -5*b = 2*i - 164, -4*i = 2*b - 5*i - 71. Let j = b + -46. What is the units digit of 10*7/((-14)/j)?
0
Let l(t) be the first derivative of 37*t**4/4 + 2*t**3/3 + 9*t**2/2 - 16*t + 57. What is the hundreds digit of l(2)?
3
Let j(b) = 3252*b - 2418. What is the ten thousands digit of j(5)?
1
Suppose 257*n + 46*n - 22073550 = 0. What is the tens digit of n?
5
Let z(k) = 10*k**2 + 30*k - 128. What is the units digit of z(15)?
2
Let n be 114/266 + -3056*114/(-14). Suppose 7*f - n = -14*f. What is the tens digit of f?
8
Let v(o) = -31*o**3 + 3*o**2 - 8*o - 25. What is the hundreds digit of v(-5)?
9
Let x be ((0 - -10) + -11)*0. Let i be (3 - 1) + 1 + -1. Suppose x*l - i*l = -20. What is the units digit of l?
0
Suppose 22*p = 20*p + 3*j + 4, 4*j = -3*p - 11. What is the units digit of (p - -7) + 3*25?
1
Suppose 4*a + 4499 = 6*a - 3*f, -4*f - 4494 = -2*a. What is the tens digit of a?
5
Suppose -8*r + 17762 + 92362 = -79156. What is the units digit of r?
0
Let q be (13 + -13)/(-1*1*-2). Suppose 5*g - 6*g + 7 = q. Suppose g*b - 2*b + 346 = 4*t, -2*t + 2*b + 174 = 0. What is the tens digit of t?
8
Let w = -225 - -222. Let n(a) = -129*a - 7. What is the hundreds digit of n(w)?
3
Let z(t) = -19*t**3 + 2*t**2 + 15*t + 34. Let x be z(-4). Let f = x - 588. What is the hundreds digit of f?
6
Let j = -129 - 7. Let x = 624 + j. Wh